 3*w(c). Determine h(s).
6
Let t = 34 - 38. Let i be (35/(-10))/(-7) - (-62)/t. Let m(j) = -2*j - 30. Let q be m(i). Let u(h) = h**3 - h - 4. What is u(q)?
-4
Let d(n) = n**3 - 4*n**2 - 5*n - 10. Let o be -8 - (742/(-56) - (-5)/20). What is d(o)?
-10
Let c(g) = g**3 + 9*g**2 + 7*g - 4. Let t = -2730 + 2722. Calculate c(t).
4
Let t(c) be the second derivative of -3/2*c**2 - 1 - 84*c + 2/3*c**3. Suppose -5*a + 11 + 4 = 0. Calculate t(a).
9
Let o be (1*30/(-12))/(33 + (-11298)/336). Let l = 8 + -4. Let s(f) = -2 - l*f + 0*f + 0*f + f**2. What is s(o)?
-2
Let w(z) = 23 - 4 - 5*z - 2 + 12. Let g be w(7). Let d(p) = -8*p - 9. Let x(v) = 7*v + 9. Let f(n) = -5*d(n) - 6*x(n). What is f(g)?
3
Let a(p) = 521*p**2 + 511*p**2 - 1 - 2072*p**2 + 521*p**2 - 5*p**3 + 520*p**2. Let m be ((-2)/(-4))/((-2)/(-4)). Determine a(m).
-5
Let b(o) = -2*o + 2. Let q(u) = 7*u - 6. Let g(c) = 2*c**2 - 15*c + 26. Let y be g(5). Let k(l) = y*q(l) + 3*b(l). Determine k(5).
5
Suppose 5*b - 230 = -5*c, 5*b + 0 = -c + 26. Let x(j) = 2*j**2 - 100*j - 98. Let k be x(c). Let a(w) = w**3 - 3*w**2 - 2*w + 6. Give a(k).
14
Let g be 288/(-160) - (-78)/(-15). Let f(h) = h**3 + 6*h**2 - 7*h - 6. Calculate f(g).
-6
Let x be 3 + -2 + 1 + 1. Suppose m = x*b - 3, -2*m - 2*m = b - 14. Let r(j) = -9*j + 1352. Let d(p) = 3*p - 477. Let c(g) = 17*d(g) + 6*r(g). Determine c(b).
-3
Let m = -26 + 27. Let w(q) = 11*q + 2. Let s(y) = 16*y - 4 + 2 + 5. Let i(n) = -5*s(n) + 8*w(n). Calculate i(m).
9
Suppose -4*q + j + 8 = -14, 24 = 3*q + 3*j. Let z(g) = -g**3 + 7*g**2 - 8*g - 4. Calculate z(q).
-16
Let p(d) = -d**3 + 7*d**2 + 3*d. Let c be p(7). Suppose 38*k - 31*k = -c. Let x(a) = 8*a - 2. What is x(k)?
-26
Let l be (5/5)/(3/204). Let f = l + -73. Let x(z) = -z + 2. Calculate x(f).
7
Suppose 75 - 291 = 6*t. Let p be (-10)/(-3)*t/(-60). Let a(k) = p*k**3 - 2 + 69*k**2 - 3*k**3 - 74*k**2 + 2*k + 0*k. Calculate a(-5).
-12
Let n(u) = 3*u**3 - 6*u**2 - 6*u + 1. Let r(v) = 2*v**3 - 4 + 6 - 1 - 5*v**2 - 5*v. Let k(m) = -4*n(m) + 5*r(m). Suppose 0 = 12*j - 26 + 2. Determine k(j).
-21
Let g(s) = s. Let f be g(6). Suppose -o = o + f. Let r(y) = -23*y**2 + 2*y + y**3 + 44*y**2 - 23*y**2 + 2 - 2*y**3. Calculate r(o).
5
Suppose 4*p - c + 109 = 8*p, 4*p - 127 = 5*c. Suppose -p*o = 3*o + 93. Let j(q) = 2*q**2 + q - 9. What is j(o)?
6
Suppose 2*y - 3*k = 101, -k = -y - 2*y + 141. Suppose 5*u - 3*x = -y, 3*u + 0*x - 4*x + 21 = 0. Let h(a) = a + 16. What is h(u)?
5
Let z(c) = -c**2 + 32*c - 66. Let n(a) = -a**3 - 5*a**2 + 121*a + 75. Let k be n(9). Determine z(k).
-6
Let w(c) be the second derivative of c**5/20 - 2*c**4/3 + 7*c**3/2 - 19*c**2/2 - 24*c + 4. What is w(5)?
11
Let z be -906*(32/(-12) - -2). Let o = -610 + z. Let i(q) = q**3 + 6*q**2 + 5*q + 7. Calculate i(o).
-23
Let k(s) = 5*s**2 - 5. Let y be 7/7*0/(-3). Suppose y = -5*a + 5*q, 3*a = 5*q - 2 - 2. Let o(n) = 1. Let x(b) = a*k(b) + 10*o(b). Give x(-1).
10
Let f(y) = y + 6. Suppose 6*k + 0*k - 114 = 0. Let w = -34 + k. Let u be w/4 - (-36)/48. Determine f(u).
3
Suppose n - 66 = 4*m - 77, 5*n = 5*m + 20. Let q(a) = a - 3. Determine q(n).
6
Let l(y) = 785*y - 3146. Let w be l(4). Let p(j) = -j**2 + j + 23. What is p(w)?
-19
Suppose -2*s + 30 - 18 = 0. Suppose 0 = 4*u + u, -5*u - s = v. Let p be (-26)/8 - (100/(-16) - v). Let t(n) = n**3 + 2*n**2 + 1. What is t(p)?
-8
Let v(y) be the first derivative of -2*y**2 - 99 + 4/3*y**3 + y. Calculate v(3).
25
Let m(s) be the second derivative of s**5/20 + 5*s**4/3 - 23*s**3/3 - 47*s**2/2 - 2909*s. Calculate m(-22).
-3
Let t(o) = 2*o**2 - 4*o - 26. Let h(u) = -u**3 + 17*u**2 - 23*u + 396. Let f be h(17). Calculate t(f).
4
Let p(w) be the third derivative of 41*w**5/60 + w**4/24 - w**2. Suppose -s - 5*n = -56, 3*n = -8*s + 10*s + 31. What is p(s)?
42
Let t(d) = -12 + 177984*d - 177987*d - 8. Give t(4).
-32
Let k(d) = -11*d - 21. Let z = 4984 - 4990. What is k(z)?
45
Let n(w) = -w - 4. Let u = 161 - -116. Let z = -287 + u. Determine n(z).
6
Let a(i) = 10*i**2 + 9212*i + i**3 + 9257*i - 18471*i - 25. Calculate a(-10).
-5
Let w(r) = 4*r. Let g be (0 - -12)/((-4)/(-12)). Let l = g - 28. Suppose l*h + 2*h - 20 = 0. Determine w(h).
8
Let q(t) be the third derivative of t**5/60 + t**4/8 + t**3/6 - 2*t**2. Suppose 0 = -45*c - 105 + 15. Determine q(c).
-1
Let g(c) = -52*c + 979. Let x(s) = s - 9. Let m(p) = g(p) - 5*x(p). What is m(18)?
-2
Let r(b) = -2*b**3 - 2*b**3 + 2*b**3 - 47329*b + 47338*b + 6*b**2 - 10. What is r(5)?
-65
Let v = 320 - 313. Suppose -4*j = p - 2*p - 7, -4*p = 5*j + v. Let i(a) = 8*a**3 - a**2. Determine i(j).
7
Let v(b) = 3*b**2 + 3*b**2 + 31*b + b**3 + b**2 - 44*b - 32. Let k be v(-8). Let u(f) = -f**3 + 9*f**2 - 8*f - 3. What is u(k)?
-3
Let s(i) = i**2 + i + 9. Let w(y) = -y**2 + 10*y + 13. Let u be w(11). Suppose -u = -0*b - b. Suppose q - l = -3, -b*q + 5*l - 15 = -3*q. What is s(q)?
9
Let u(d) = -d**3 - d - 13. Suppose 1 = 3*z - 4*w, -4*w + 6*w = 4. Suppose -b = b + z*b. Calculate u(b).
-13
Let l(w) be the first derivative of -w**4/4 + 2*w**3 - w**2/2 - w + 1. Let o = 160414 + -160408. Give l(o).
-7
Let q(l) = 2*l**3 - 13*l**2 - 7*l + 4. Let g be q(7). Suppose -g*v = -7*v + 63. Suppose v*o = 19*o + 4. Let u(c) = 2*c**2 + 3*c - 3. Calculate u(o).
11
Suppose -6*c + 5 = -5*c. Let b = -15 + c. Let n(h) = -h - 20. What is n(b)?
-10
Let u = -57829 - -57827. Let d(z) = 6*z**2 + 3*z + 4. Let k(l) = 4*l**2 + 2*l + 3. Let p(f) = -5*d(f) + 7*k(f). Calculate p(u).
-5
Suppose p - n - 11 = 0, -2*p + 3*n = -p - 17. Let g(b) be the first derivative of -21 - 7/2*b**2 + 1/3*b**3 - 5*b. What is g(p)?
3
Let c(h) be the third derivative of -h**6/120 - h**5/60 + h**4/6 - h**3/2 - 3*h**2. Suppose 11*n - 462 = 18*n. Let o = n - -68. What is c(o)?
-7
Suppose -25 = -t + 6*t, -82 = -4*l - 2*t. Suppose -5*k + 50 = 3*w, l = k + 3*k - w. Let j(i) = -42 - 43 - 45 - 40 - 35 - i + 215. What is j(k)?
3
Let z(o) = -3*o**2 - 41*o + 116. Let v(r) = 2*r**3 + 2*r**2 - 42*r - 92. Let i be v(-2). Calculate z(i).
4
Let u(g) = -g + 1. Suppose 2*r + 6*r = 40. Suppose 0 = 5*i - 2*i, r*p - i - 3*i = 0. What is u(p)?
1
Let u(v) = 13*v - 243. Let c(h) = -16*h + 304. Let i(z) = -11*c(z) - 14*u(z). What is i(11)?
-8
Let t(w) = -54*w - 1082. Let g be t(-20). Let s(j) = 2*j**2 + 10*j + 14. Determine s(g).
2
Let t(w) = -w**2 + 37*w + 77. Let f be t(39). Let s(a) = -10*a**3 - 5*a**2 + 3*a + 3. Let l(d) = -3*d**3 - d + 1. Let g(r) = f*s(r) + 3*l(r). Calculate g(-6).
0
Let p be (9/(216/32))/(6/27). Let c(n) = 4*n**2 - 26*n - 2. Calculate c(p).
-14
Suppose -4*n + 6*n = -8. Let t = 28 + -25. Let d(h) = 291*h**3 + 1 + 5*h**2 - 290*h**t + 3*h - h. Determine d(n).
9
Let p(s) = 10*s**3 + 2*s**2 - 2*s + 1. Suppose 2*l = -l + 243. Let o = -912 + 832. Let r = l + o. Give p(r).
11
Let l(u) be the first derivative of -1/6*u**3 + 1/24*u**4 - 7/2*u**2 - 17 - 1/20*u**5 + 0*u. Let c(j) be the second derivative of l(j). Calculate c(1).
-3
Let s(p) = 7*p**3 + 17*p**2 - 5*p + 17. Let o(n) = 9*n**3 + 16*n**2 - 6*n + 19. Let x(i) = -4*o(i) + 5*s(i). Calculate x(21).
-12
Let b(f) = -13*f - 30. Let n(h) = 27*h + 51. Let k(m) = 7*b(m) + 4*n(m). Determine k(-2).
-40
Let o = 931 - 924. Let b(q) be the first derivative of q**5/20 - 2*q**4/3 + 4*q**3/3 + q**2 + 13*q + 13. Let a(j) be the first derivative of b(j). What is a(o)?
9
Let h(w) = w**3 - 4*w**2 - 2*w + 3. Let i(l) = -6*l + 53. Let y be i(8). Suppose 4*z - 4*m = 36, 3*z + y*m + 24 = 11. Determine h(z).
-5
Let h(t) be the second derivative of -1/12*t**4 + 0 - 5/6*t**3 + 3*t**2 - 251*t. Give h(-6).
0
Suppose z + 19 - 33 = -4*l, 2*l + 2 = -2*z. Let k(v) be the first derivative of v**2/2 - 5*v - 66. What is k(z)?
-11
Let u(n) = n**3 + n + 15. Let i be ((-40)/(-24))/(2/18). Let q be -39*(1 - i/9). Let p = -26 + q. Calculate u(p).
15
Suppose 2*p - 8 = -6*x + 5*x, -2*x = -4*p - 48. Suppose x*a = 11*a - 30. Let n(r) = -r**3 - 6*r**2 + 2*r + 7. What is n(a)?
-5
Let l(u) = -u**3 - 9*u**2 - 18. Suppose 32*k + 292 - 47 = -43. What is l(k)?
-18
Let m(f) be the first derivative of f**5/60 + f**4/4 - f**3/3 - f**2/2 - 1. Let n(w) be the second derivative of m(w). Let k = 4401 - 4406. Calculate n(k).
-7
Let a(y) be the first derivative of -y**5/120 + 5*y**4/24 + 2*y**3/3 + 36*y + 69. Let m(g) be the third derivative of a(g). Calculate 